lculate the remainder when 4850 is divided by 4802.
48
What is the remainder when 175236 is divided by 15924?
72
What is the remainder when 31068 is divided by 97?
28
Calculate the remainder when 14750 is divided by 7370.
10
What is the remainder when 56911 is divided by 6?
1
What is the remainder when 101749 is divided by 121?
109
Calculate the remainder when 148849 is divided by 49586.
91
What is the remainder when 22311 is divided by 327?
75
What is the remainder when 12057 is divided by 227?
26
What is the remainder when 370 is divided by 218?
152
Calculate the remainder when 4889 is divided by 479.
99
Calculate the remainder when 351357 is divided by 120.
117
What is the remainder when 10944 is divided by 157?
111
Calculate the remainder when 7729 is divided by 1286.
13
Calculate the remainder when 24232 is divided by 4038.
4
Calculate the remainder when 32831 is divided by 171.
170
Calculate the remainder when 4640 is divided by 480.
320
Calculate the remainder when 423 is divided by 218.
205
Calculate the remainder when 12333 is divided by 24.
21
Calculate the remainder when 370834 is divided by 508.
502
What is the remainder when 3549 is divided by 780?
429
What is the remainder when 5366 is divided by 209?
141
Calculate the remainder when 9198 is divided by 92.
90
What is the remainder when 1252 is divided by 988?
264
What is the remainder when 7780 is divided by 80?
20
Calculate the remainder when 10966 is divided by 1207.
103
Calculate the remainder when 6963 is divided by 835.
283
What is the remainder when 5471 is divided by 320?
31
Calculate the remainder when 23955 is divided by 11976.
3
What is the remainder when 10370 is divided by 3425?
95
What is the remainder when 5643 is divided by 1274?
547
What is the remainder when 62206 is divided by 392?
270
What is the remainder when 21303 is divided by 159?
156
What is the remainder when 449 is divided by 441?
8
What is the remainder when 108106 is divided by 189?
187
What is the remainder when 18603 is divided by 4649?
7
Calculate the remainder when 12039 is divided by 586.
319
What is the remainder when 32223 is divided by 19?
18
What is the remainder when 58882 is divided by 14693?
110
Calculate the remainder when 25000 is divided by 8304.
88
What is the remainder when 28176 is divided by 1006?
8
Calculate the remainder when 565048 is divided by 28.
8
Calculate the remainder when 168537 is divided by 5106.
39
Calculate the remainder when 210581 is divided by 178.
7
What is the remainder when 4899 is divided by 1539?
282
Calculate the remainder when 177353 is divided by 177326.
27
Calculate the remainder when 6405 is divided by 378.
357
What is the remainder when 3106 is divided by 443?
5
What is the remainder when 39287 is divided by 727?
29
What is the remainder when 45962 is divided by 242?
224
Calculate the remainder when 133111 is divided by 69.
10
What is the remainder when 22770 is divided by 7577?
39
Calculate the remainder when 168108 is divided by 21012.
12
Calculate the remainder when 100181 is divided by 215.
206
Calculate the remainder when 4154 is divided by 325.
254
Calculate the remainder when 3431 is divided by 1631.
169
What is the remainder when 7807 is divided by 36?
31
What is the remainder when 623467 is divided by 311729?
9
What is the remainder when 21904 is divided by 161?
8
Calculate the remainder when 155319 is divided by 51746.
81
What is the remainder when 1740 is divided by 23?
15
What is the remainder when 24204 is divided by 703?
302
Calculate the remainder when 198877 is divided by 934.
869
Calculate the remainder when 582 is divided by 217.
148
Calculate the remainder when 21112295 is divided by 23.
20
What is the remainder when 260565 is divided by 47?
44
Calculate the remainder when 110714 is divided by 1367.
1354
What is the remainder when 2359 is divided by 9?
1
What is the remainder when 10789 is divided by 2680?
69
Calculate the remainder when 91436 is divided by 25.
11
What is the remainder when 20355 is divided by 522?
519
Calculate the remainder when 7509 is divided by 8.
5
Calculate the remainder when 11592 is divided by 114.
78
Calculate the remainder when 8431 is divided by 57.
52
Calculate the remainder when 5451 is divided by 82.
39
Calculate the remainder when 1531 is divided by 750.
31
Calculate the remainder when 51804 is divided by 183.
15
What is the remainder when 105677 is divided by 1654?
1475
What is the remainder when 89168 is divided by 896?
464
What is the remainder when 729 is divided by 230?
39
Calculate the remainder when 11964 is divided by 2984.
28
What is the remainder when 6075 is divided by 703?
451
What is the remainder when 9496 is divided by 868?
816
Calculate the remainder when 823 is divided by 261.
40
What is the remainder when 31379 is divided by 12?
11
Calculate the remainder when 77995 is divided by 4874.
11
What is the remainder when 4820 is divided by 2389?
42
Calculate the remainder when 4830 is divided by 116.
74
Calculate the remainder when 31476 is divided by 42.
18
Calculate the remainder when 901 is divided by 211.
57
What is the remainder when 15635 is divided by 458?
63
Calculate the remainder when 489282 is divided by 44.
2
What is the remainder when 43 is divided by 33?
10
What is the remainder when 9104 is divided by 1809?
59
What is the remainder when 5460 is divided by 4996?
464
What is the remainder when 15928 is divided by 3163?
113
What is the remainder when 214012 is divided by 352?
348
Calculate the remainder when 208954 is divided by 44.
42
What is the remainder when 27760 is divided by 927?
877
What is the remainder when 855 is divided by 144?
135
What is the remainder when 28167 is divided by 639?
51
Calculate the remainder when 131609 is divided by 205.
204
What is the remainder when 15263 is divided by 25?
13
What is the remainder when 101735 is divided by 182?
179
Calculate the remainder when 933449 is divided by 178.
17
What is the remainder when 6551 is divided by 72?
71
Calculate the remainder when 597 is divided by 184.
45
Calculate the remainder when 20533 is divided by 5131.
9
What is the remainder when 4716 is divided by 1171?
32
Calculate the remainder when 1573 is divided by 135.
88
Calculate the remainder when 14798 is divided by 107.
32
Calculate the remainder when 111567 is divided by 2656.
15
Calculate the remainder when 17413 is divided by 405.
403
Calculate the remainder when 1190277 is divided by 1526.
1523
Calculate the remainder when 6759 is divided by 844.
7
What is the remainder when 49 is divided by 32?
17
Calculate the remainder when 283246 is divided by 451.
18
What is the remainder when 8554672 is divided by 19?
17
What is the remainder when 1197950 is divided by 18?
14
Calculate the remainder when 3932 is divided by 423.
125
Calculate the remainder when 8390 is divided by 1769.
1314
Calculate the remainder when 678764 is divided by 48.
44
Calculate the remainder when 7068 is divided by 511.
425
Calculate the remainder when 2759 is divided by 64.
7
Calculate the remainder when 60116 is divided by 791.
0
Calculate the remainder when 5386 is divided by 115.
96
Calculate the remainder when 72343 is divided by 91.
89
What is the remainder when 2654 is divided by 768?
350
Calculate the remainder when 26902 is divided by 195.
187
What is the remainder when 1799 is divided by 35?
14
Calculate the remainder when 52999 is divided by 186.
175
Calculate the remainder when 10610 is divided by 61.
57
Calculate the remainder when 13173 is divided by 3206.
349
Calculate the remainder when 1523 is divided by 117.
2
What is the remainder when 262783 is divided by 2053?
2052
What is the remainder when 358269 is divided by 55?
54
Calculate the remainder when 124600 is divided by 176.
168
Calculate the remainder when 32183 is divided by 16091.
1
Calculate the remainder when 97662 is divided by 32553.
3
What is the remainder when 5203 is divided by 376?
315
Calculate the remainder when 88487 is divided by 2765.
7
What is the remainder when 474 is divided by 204?
66
What is the remainder when 47951 is divided by 506?
387
Calculate the remainder when 47513 is divided by 742.
25
Calculate the remainder when 1503 is divided by 824.
679
Calculate the remainder when 31419 is di